et g(b) be the first derivative of p(b). Calculate g(2).
-10
Let n(u) be the third derivative of -u**5/20 - 5*u**4/24 - 2*u**3/3 + 268*u**2. Let q = -132 + 129. Calculate n(q).
-16
Suppose 27*q + 55 = 72*q + 370. Let f(u) = 0 - u**2 + u**3 + 1 + 8*u**2 + 3*u - u. Determine f(q).
-13
Let z be 20/(-5) + 11 + -4. Let h(q) = 38*q + 28*q - 67*q + z. Suppose -3*d = 6 - 15. Calculate h(d).
0
Let k(r) = -3*r + 13. Let g(b) = -2*b + 12. Let d(f) = -3*g(f) + 4*k(f). Determine d(14).
-68
Let w(c) = -4*c**2 + 3*c. Suppose -3*t = -4*k + 7, t - 5 - 10 = -3*k. Suppose 31*z - k = 29*z. Give w(z).
-10
Suppose 3*f = 46*f + 215. Let s(l) = 3*l**2 + 21*l - 52. Let v(a) = 2*a**2 + 10*a - 29. Let q(i) = f*v(i) + 3*s(i). Determine q(10).
19
Let u(r) = -13*r + 46. Let o be u(3). Suppose -13*l = o*l + 140. Let z(f) = -f**3 - 7*f**2 + 2. What is z(l)?
2
Suppose 64*z - 70*z = 36. Suppose -2*d + 8 = 2*d. Let x(p) = 0 + p**3 - d - 12*p**2 + 17*p**2 - 9*p. What is x(z)?
16
Let j be 3 - 1*(0 - 0). Let v(c) be the first derivative of c + 20 + 9*c**2 - 1 - 8*c**2. Give v(j).
7
Suppose d - 5 = -k, -2*d = 3*d - 2*k - 18. Let i(z) be the second derivative of z**3/6 + 2*z**2 - 6*z - 260. Give i(d).
8
Let b(p) = 2*p**3 + 2*p + 1. Let o(y) = -4*y + 43. Let a = -30 - -41. Let g be o(a). Calculate b(g).
-3
Let j be (0 + 1)/((-112)/24 - -5). Suppose 15*b - n = 16*b - 1, j*n + 1 = -5*b. Let c(w) = w**3 + 2*w**2 + 2. Determine c(b).
2
Let s(x) = 4*x - 3*x - 2078 - 10*x + 2070. Determine s(2).
-26
Let k(h) = 62*h**2 + 17*h + 3. Let l(x) = -21*x**2 - 6*x - 1. Let c(d) = 6*k(d) + 17*l(d). Determine c(-1).
16
Let h(n) = n**2 + 12*n - 3. Suppose -u - 39 = -p + 4*p, -51 = 4*p + u. What is h(p)?
-3
Let a(n) = n - 35. Let w(b) = b**3 - 18*b**2 + 38*b - 70. Let q be w(16). What is a(q)?
-9
Let u(k) = -2*k - 4. Let y be 2/(-3) - 420/(-9). Let s be 5/3 + y/(-6). What is u(s)?
8
Let m(r) = 4*r - 25. Let h = -11967 - -11981. Give m(h).
31
Suppose 40 = 5*h, -5*h = 4*o - 393 + 81. Let c = 53 + 15. Let w = c - o. Let l(p) = -p**2 + 22. Give l(w).
22
Let j(h) = h**2 - 14*h - 1. Let f = 4 + 56. Suppose -4*m = z - f, 23 + 7 = m + 4*z. Determine j(m).
-1
Let c(v) be the first derivative of -v**5/10 - v**2/2 + 90*v + 78. Let g(u) be the first derivative of c(u). Give g(1).
-3
Let l = -16 - -28. Let m be (-6)/l*(-72)/3. Suppose 5*t - 4*r + 35 = -m, 3*t + 31 = r. Let z(y) = y + 4. Calculate z(t).
-7
Let v(x) = x**3 - 2 - 4 + 11*x**2 - x - 9. Suppose -747 = 22*c - 505. Give v(c).
-4
Let f be (-5 - -3)*6/4. Let w be f/(-6) - (-78)/12. Let n(v) = v - 1. Give n(w).
6
Let o = 4244 - 4246. Let j(r) = 4*r**2 - 3. Calculate j(o).
13
Let h(l) = l**2 + 222 + l + 218 - l**3 - 448. Let d be 15/((-7)/((-210)/25)). Suppose 0 = -11*i + d*i. Calculate h(i).
-8
Let v(q) = -4*q**2 + 4*q + 7. Suppose -12*o - 12*o = -24. Let u(y) = -y**2 - y + 2. Let a(j) = o*v(j) - 3*u(j). Determine a(8).
-7
Let u(j) = j - 6. Let l be 9/36 + (-5 - (-114)/24 - -18). Calculate u(l).
12
Suppose 0*i - 4*i = 0. Let n(d) be the third derivative of -d**4/24 - 11*d**3/3 - 725*d**2 + 1. Give n(i).
-22
Let d(q) = 19*q**2 + 5*q - 3. Let c(z) = -9*z**2 - z + 2. Let w(a) = -2*c(a) - d(a). Suppose 4*j + 4*y = 4, 25 = -3*j + 6*y - 2*y. What is w(j)?
-1
Suppose -3*o = -o - 3*t + 2, 4*t = 8. Suppose 5*i = o*i + 3. Let f(x) = 30*x - 51. Let a(h) = -3*h + 4. Let w(v) = 13*a(v) + f(v). Give w(i).
-8
Suppose 2*s + 219 = -3*j + 195, -j - 12*s = 42. Let t(h) = -h**3 - 2*h**2 + 10*h - 14. What is t(j)?
70
Suppose 3*i = 3*p, p - 14 = -5*i - p. Let v(h) = 3 + 6 - i*h + h - 1. Let w(t) = -t**2 + 15*t - 10. Let s be w(14). Determine v(s).
4
Suppose 36*z = 40*z + 2*w, -z = -5*w + 22. Let g = 15 + -13. Let f(v) = -2*v + 2 + g*v - v**2. Determine f(z).
-2
Let h(m) be the first derivative of -3*m**2/2 - 113*m + 2564. Determine h(-35).
-8
Let q(w) be the third derivative of -23*w**4/24 + 9*w**3/2 - 3353*w**2. Give q(3).
-42
Let u(g) = -5*g + 16. Let w = -2865 - -2876. Calculate u(w).
-39
Let j = 126 - 127. Let o be 1/j + (1 - 1) + 11. Let i(l) = o - l - 5 - 4. What is i(-8)?
9
Let p(b) = 3*b**3 + 4*b**2 + 5. Let d(u) = 17*u**3 + 22*u**2 + 26. Let s(r) = 2*d(r) - 11*p(r). Give s(0).
-3
Let q(r) = r**3 + 10*r**2 - 4*r - 13. Suppose 1589 + 2561 = -415*c. Give q(c).
27
Let y(g) be the third derivative of 0 + 2*g - 2/3*g**3 + 1/8*g**4 + 52*g**2. Determine y(2).
2
Suppose 0 = -32*n + 381 + 99. Let v(f) = f**3 - 13*f**2 - 28*f - 28. What is v(n)?
2
Let c(u) = -13*u + 24*u - u**2 + 8*u + 379 - 186 - 187. Calculate c(13).
84
Let v(p) be the first derivative of p**5/60 + p**4/12 - 3*p**3/2 - 3*p**2 - 11. Let h(a) be the second derivative of v(a). Determine h(0).
-9
Let p(r) be the second derivative of r**3/6 + 19*r**2/2 - 91*r - 11. Calculate p(-12).
7
Let n(b) = -240 + 485 + 19*b + 57*b - 247. What is n(-1)?
-78
Let m(h) = h**2 - 5*h**2 - 6 + 10*h + 0*h**2 + 3*h**2 - 17*h. Let f be m(-3). Let z(r) = r**3 - 5*r**2 - 7*r + 8. Calculate z(f).
2
Let v(s) = -85*s + 855. Let u be (-4)/58 + ((-292)/5)/(9976/(-1720)). Give v(u).
5
Suppose 4*z + 8 = 2*p + 8*z, -2*z = -5*p + 8. Let m be 5/(15/(-6)) + p. Let k(j) = 7*j**2 + j - 2 - 34*j**2 + 28*j**2. Calculate k(m).
-2
Suppose 3*r - 4*r + 26 = 5*n, 3*n - 5*r - 10 = 0. Suppose 2*l + n*b = 62, 0 = 2*l + 3*l - 4*b - 155. Let o = l + -30. Let a(p) = p - 1. Give a(o).
0
Let u(d) = d**3 + 8*d**2 - d - 1. Let i be u(-8). Suppose 27 = -i*z - 22. Let l(x) = 15*x + 10. Let n(w) = 8*w + 5. Let b(v) = z*n(v) + 4*l(v). Give b(4).
21
Suppose 20*a = 8*a + 5*k + 177, 3*a + k = 51. Let r(i) = -4*i + 78. Give r(a).
14
Let m be (-6)/36 + 2/12. Suppose a + l + 3*l - 2 = m, -l + 2 = a. Let o(q) = 5*q**2 - 18 + a*q + 12 + 8. Determine o(-2).
18
Let n = -103 - -105. Let h(z) = 2*z + 2*z - n*z + 7. Give h(-6).
-5
Let f(a) = -a**2 - 1. Let c(r) = 7*r**2 - 10*r + 17. Let j(o) = c(o) + 6*f(o). Let i = -464 - -474. What is j(i)?
11
Let p(f) = 327*f**2 + 55 - 672*f**2 + 344*f**2 + 10*f. Determine p(14).
-1
Let k(t) be the second derivative of -t**5/20 + 5*t**4/12 - t**3 - t**2 - 1199*t. Give k(2).
-2
Suppose 0 = 3*d - 4*j + 8, 2*d + 13 = -d + 5*j. Suppose -4*u + 74 = -5*s, -d*s + 2*u - 25 - 33 = 0. Let t = s + 14. Let p(n) = n**2 + n + 13. Give p(t).
13
Let w be (-8 - -7)/(1/(-2)). Let s(d) = -d**2 - 2 + d**w - 3*d**2 + d**2 + 3*d. Suppose 12 = 5*a - 8. Calculate s(a).
-22
Let n(o) be the first derivative of -3*o**3 - 2*o**2 + 362. Give n(-1).
-5
Let f be (((-2)/(-1))/2)/(-1). Let s(y) = 11*y**3 + 11*y**2 + 3*y - 4. Let j(u) = -11*u**3 - 8*u**2 - 2*u + 3. Let t(m) = -3*j(m) - 2*s(m). Give t(f).
-10
Let l(g) = -6 - 3*g + 0*g + 2*g + 7 + 10*g**2. Suppose -63*j + 57*j + 6 = 0. What is l(j)?
10
Let q(x) = 8*x**2 + 6*x - 1. Let w(b) = -12*b**2 - 8*b + 1. Let v(i) = -7*q(i) - 5*w(i). Let j = 15 - 13. What is v(j)?
14
Let m = 4 - 0. Let g(p) = 824*p - 15 + 3 - 833*p. Let w(a) = -11*a - 15. Let x(f) = 5*g(f) - 4*w(f). What is x(m)?
-4
Let l(f) = f**3 - 8*f**2 + 9*f + 10. Let z = 6168 + -6160. Determine l(z).
82
Let f(a) = -a**2 + 26*a**2 - 6 + a - a**3 - 8*a**2 - 12*a**2. Calculate f(5).
-1
Let a(k) = -3*k - 1718 + 5159 - 3*k - 1712 - 1720. Give a(6).
-27
Let n(j) = -j**2 - 9*j - 3. Let m(b) = b**3 + 11*b**2 - 6*b - 64. Let h be m(-11). Suppose -27*v = -30*v - 5*y - 39, h*v + 2*y = -22. Calculate n(v).
5
Let x(j) = -j**3 - 21*j**2 + 43*j - 64. Let s = 722 + -745. Give x(s).
5
Suppose 3*o + 3*q + 84 = -0*q, -q + 30 = -o. Let k be (-10)/(-1) - (33 + o). Let j(u) = u**3 - 7*u**2 + 8*u - 4. Calculate j(k).
8
Let t(l) = 5*l + 2. Let f = -26 + 26. Let y = 110 + -108. Suppose -5*n + y*v = -f*n + 10, 3*n + 4*v + 6 = 0. What is t(n)?
-8
Let k(a) = -3*a - 1. Let c be k(-19). Let m = 54 - c. Let f(z) = 0*z**3 - 4*z**3 + 7 - 1 - 3*z**2 - 4. Determine f(m).
22
Let h(l) = 2*l - 17. Let a be h(10). Suppose -n + a*r = 5*r, -n + r = -3. Let q(k) = 6*k**2 + 1 - n + k - 11*k**2 + 6*k**2. Give q(0).
-1
Let x(v) be the third derivative of 0 - 13*v**2 + 0*v + 1/24*v**4 + 5/6*v**3. What is x(-11)?
-6
Let l(y) = y**3 + 13*y**2 + 9*y - 24. Let c be (-3 - (-21)/14) + 210/(-20). Calculate l(c).
12
Let z = -7 + 11. Suppose 0 = z*h + 83 + 109. Let r = h + 55. Let k(j) = j**2 - 9*j + 5. Calculate k(r).
-9
Suppose -r = 3*q + 1 + 3, -5*r = 3*q + 44. Let n be -5*12/r + 1 - 4. Let b(h) = -h**2 + 4*h - 1. Determ